third derivative of -j**6/120 + 3*j**5/20 - j**4/12 - 8*j**3/3 + 65*j**2 - 4. Give m(9).
-34
Let g(o) = 5*o**2 + 2*o - 1. Suppose 0 = -6*y + 2*y - 4, 5*y = -4*j + 15. Suppose -3*l = j*a + 12, 5*a + 13 = l + a. Determine g(l).
6
Let r(c) = -c**2 + 4*c - 2. Suppose 6*p - 29*p - 140 = 12*p. Determine r(p).
-34
Let n(y) = -29*y - 26. Let o(z) = 14*z + 16. Let r(u) = -2*n(u) - 5*o(u). Calculate r(-4).
20
Suppose 23*c - 172 = 21*c - 2*n, -3*c + 5*n = -218. Let a(z) = -5*z**2 - 155 + 76 + c. Determine a(2).
-18
Let c(u) be the first derivative of 2/3*u**3 + 0*u + 0*u**2 + 1. Let w = 90094 - 90095. Determine c(w).
2
Let a(g) = g**3 + 6*g**2 + 6*g + 6. Let w(b) = 5*b**3 + 2*b**2 - b - 3. Suppose 4*t - 4 = 4*m, -2*t - 6*m + 5*m - 4 = 0. Let o be w(t). Determine a(o).
1
Let q(b) = b**2 - 17*b + 77. Suppose 5*g + 2*p = 36, g - 548 = 3*p - 534. What is q(g)?
5
Let i(p) = 7*p + 11. Let x(y) = -13*y - 21. Let f(g) = 11*i(g) + 6*x(g). Let k = -182 - -310. Suppose -13*c - k = 3*c. What is f(c)?
3
Let i be 3861/(-1430) - (-64)/20. Let o(s) be the first derivative of 5*s - i*s**2 + 28. Calculate o(5).
0
Suppose -x + 3*c + 1 + 5 = 0, 54 = 5*x - 3*c. Let b be (2 + -3)/(4/x). Let i be (8/10)/(b*(-2)/15). Let y(q) = -q. Calculate y(i).
-2
Let h(j) = j**2 + 2*j - 8. Suppose -3*x - 45 = -4*g + 98, 2*g = x + 69. Suppose -20 = -g*o + 37*o. Give h(o).
0
Let o be 4*(-112)/384*(-12)/(-2). Let d(p) = 1 - 8 + 8*p**2 + p**3 + 1 + 3*p. Calculate d(o).
22
Let i be (1 - 2)*6 + -3. Let x = i - -12. Let b(c) = -5 + 1 - 65*c + 64*c. Calculate b(x).
-7
Let k(u) = 2*u**3 - 12*u**2 - 7*u + 89. Let l be k(5). Let p(g) be the third derivative of 0*g - 15*g**2 + 0 + 11/24*g**l + g**3 + 1/60*g**5. Calculate p(-10).
-4
Suppose 0 = 2*g - 0*g - 2*f - 320, 5*f = -g + 136. Suppose k - g = -4*u, 4*u - k = 5*u - 42. Let y(i) = 17 + 20 + 5*i**2 - u. Calculate y(-1).
4
Let t(r) = 4*r**2 + r - r**2 + 296 - 585 - 2*r**2 + 293. What is t(-3)?
10
Let v(m) = 371*m**3 - 3*m. Let j be v(1). Let x = 365 - j. Let c(h) = 2*h**3 + 2*h**2 + 2*h + 2. Determine c(x).
-40
Let w(k) be the second derivative of -k**4/12 - 2*k**3/3 + 312*k. Let n = 44 - 48. What is w(n)?
0
Let w be ((-147)/14)/(-3)*-1*4/7. Let v = -3 - -6. Let m(y) = -2*y + v*y + y + 5*y**2 + 3 - 4*y**2. Give m(w).
3
Let k(t) = -t - 4 - 33 + 0*t**2 + t**3 - 2*t**2 - 2 + 3*t**2. Suppose -8*z + 11*z = 6*z. Determine k(z).
-39
Let x(u) = u**3 - 6*u**2 + u - 5. Let w be x(6). Let v be (9/(-2) - -2)/(w/(-2)). Let y(q) = -8*q + q**2 + 2*q + 2 - 3 + 0*q**2. Determine y(v).
-6
Let d(o) be the second derivative of -o**3/3 - 55*o**2/2 - 33*o. Let f be d(-31). Let t(u) = u - 8. Calculate t(f).
-1
Let s(v) = -v**3 + v**2 + 2*v - 5. Let n be (-5)/(-3) + 160/48 + -7. Let m be 0/((-2 + 0)/n). Calculate s(m).
-5
Let l(y) = -24*y - 144. Let h(b) = 21*b + 116. Let z(n) = -5*h(n) - 4*l(n). Determine z(-2).
14
Let j(h) be the first derivative of -2 - 2*h**2 + 5/6*h**3 + 12*h. Let d(l) be the first derivative of j(l). Determine d(3).
11
Let t(b) be the third derivative of 3*b**4/8 + b**3/3 + 6*b**2 + 32*b. Calculate t(3).
29
Let m(y) be the first derivative of y**3/3 - 3*y**2/2 - 52*y + 289. Give m(0).
-52
Let x(m) = m**2 - 76*m + 543. Let c be x(8). Let k(p) = -4*p**2 + 1. Let t(g) = -g**2. Let a(j) = k(j) - 3*t(j). Give a(c).
0
Let l(r) = r**2 + 8*r + 8. Suppose c = 3, 2*h - 4*h = -2*c - 548. Let j = h - 285. Give l(j).
8
Let l(t) be the third derivative of t**4/24 + t**2. Let y(h) = 194*h + 19787. Let x be y(-102). Determine l(x).
-1
Let v(x) = -x**3 - x**2 + x - 10. Suppose 12*w - 1929 - 555 = 0. Let p = -207 + w. Determine v(p).
-10
Let l = -12 + 7. Let w(j) = 6*j + 8. Suppose 3 = 13*r + 55. Let g(t) = 2*t + 3. Let i(o) = r*w(o) + 11*g(o). Calculate i(l).
11
Let x(t) = 205*t**3 - 23*t - 206*t**3 - 25 - 9*t**2 - 14 + 25. What is x(-5)?
1
Let y(g) be the third derivative of g**4/12 + g**3/6 + g**2. Suppose -3*z = 3*w + 135, -3*w + 247 = -5*z + 46. Let d be 36 + z + (4 - -1). Determine y(d).
-1
Let b(f) = -3*f**3 - 42*f**2 + 43*f - 24. Let i be (-2)/(28/206) + ((-270)/105)/9. What is b(i)?
6
Suppose 0 = 4*j + 20, -50*o + j + 68 = -47*o. Let l(t) = 8*t - 165. Give l(o).
3
Suppose 2*u - 50*y = -49*y + 12, -2*u + 4 = y. Let m(p) = 4*p + 2*p + p**2 - 2*p**2 - 6. Calculate m(u).
2
Let c(g) = 15*g - 40*g + 14*g + 9*g - 57*g**2 + 64*g**2 + 3 - g**3. What is c(7)?
-11
Suppose 2*v - 3*m - 4 = -0*m, 2*v + m = -12. Let g(j) be the third derivative of j**5/60 + j**4/24 - 5*j**3/6 + 413*j**2. Give g(v).
7
Let v(h) = -184 + 3002*h**3 + 20*h**2 + 9*h + 2975*h**3 - 5978*h**3. Calculate v(20).
-4
Let t(j) be the second derivative of -j**5/20 + 5*j**4/6 + 11*j**3/6 + 4*j**2 + 62*j + 1. Let b(d) = 2*d**2 - 9*d - 115. Let r be b(-6). What is t(r)?
8
Let s = -4692 - -4691. Let a(j) = 8*j + 21. What is a(s)?
13
Let g = 7962 + -7968. Let b(p) = 15*p + 82. Calculate b(g).
-8
Let m be 1*(300/10 + -25). Let q(d) = d**2 + 5. Give q(m).
30
Let h(c) be the third derivative of c**8/20160 + c**7/1260 - c**6/90 - 2*c**5/5 - c**3/2 - 57*c**2. Let n(p) be the third derivative of h(p). Determine n(-6).
4
Let w(a) = -2*a - 6. Suppose 0 = 6*i + 33*i + 390. Calculate w(i).
14
Suppose -37*i - 51*i - 528 = 0. Let y(k) = -k - 23. Calculate y(i).
-17
Let d(i) = -5*i + 35. Let j be 4 + ((-56)/(-448) + (-17)/8)*-6. Give d(j).
-45
Suppose 0*b - 8 = -2*b. Let z(j) = -6*j**2 + 4 - b*j**2 + 11*j**2 + 11*j. Let s = -66 + 56. Determine z(s).
-6
Let n(g) = -25*g + 246. Let r(q) = -q**3 + 56*q**2 - 51*q - 210. Let m be r(55). What is n(m)?
-4
Let j(v) = -3*v + 7. Suppose -5*b + 3*b = -r + 11, 3*r + 4*b = 63. Suppose 7*i + r = -25. Give j(i).
25
Let c = -138 - -149. Suppose -c*a + 12*a = 0. Let k(l) = l**2 + 19. Determine k(a).
19
Let t(c) be the second derivative of -7*c**3/2 - c**2 + 77*c - 1. Determine t(-1).
19
Let d(i) = -35*i**3 - 17*i + 16. Suppose -56 = -607*u + 551*u. What is d(u)?
-36
Suppose 185*d - 178*d + 14 = 0. Suppose -10*l + 5 = -9*l. Let r(t) = -4*t**2 - t + 4*t**2 + l*t + 3 - 2*t**2. Calculate r(d).
-13
Let o(w) = 3*w + 66. Suppose 5*v + 24*j + 90 = 28*j, -v = j + 27. Determine o(v).
0
Let g(d) be the third derivative of 17*d**2 + 1 + 0*d - 1/24*d**4 - 1/2*d**3. Give g(7).
-10
Let z(n) = n**2 - 6*n - 19. Suppose 0 = -u - j + 10, 0 = -4*u - 3*j + 62 - 23. Let k be z(u). Let a(x) = -8*x + 6*x + 11 + x**2 - 7*x. Give a(k).
3
Let n = 342 + -820. Let q = -130 - n. Let w(p) = -343 + p + 6*p + 2*p**2 + q. Determine w(-4).
9
Let w(y) = -2*y + 1. Let x(f) = -12*f. Let p be x(-2). Let m(k) = -k + 3 - 21*k**2 - 23*k + 22*k**2. Let t be m(p). What is w(t)?
-5
Suppose q + q + 4 = 0. Let c(p) be the second derivative of 13*p**3/6 + p**2/2 + 412*p. What is c(q)?
-25
Let p = 178 + -218. Let b be (p/90)/(6/(-27)). Let m(s) be the second derivative of s**5/20 - s**4/4 + 2*s**3/3 - s**2 + 4*s. Give m(b).
2
Let r(o) = 9 - 6320*o - 66 - 150 + 6294*o. Calculate r(-8).
1
Let f(s) = -s**3 + s + 1. Let v be ((-4)/(-1))/(-3 - 305/(-100)). Suppose 74 - v = -3*k. Calculate f(k).
-5
Let n(k) = 2 - 8 - 3 + 5*k. Let h = -119 + 125. Calculate n(h).
21
Let x(y) = y**2 - 24*y + 17. Let s be x(32). Suppose s*z = 274*z. Let o(w) = -w**2 + 4. What is o(z)?
4
Let a(b) = b**3 + 17*b**2 + 2*b - 1. Let p = -6150 + 6133. Give a(p).
-35
Let u be ((-9)/36)/((-2)/6 + 407/1320). Let c(h) = h**2 - 5*h - 34. What is c(u)?
16
Suppose -45 + 54 = c - 4*u, 4*u = -2*c - 18. Let j be c/(2/(-4) + (-2)/4). Let k(l) = -l**2 - 3. Determine k(j).
-12
Let q(n) be the third derivative of -n**6/120 + n**5/15 + n**4/4 + 2*n**2 - n. Suppose -4*g = -3*d - 5, -3*g + d = -0*d - 10. Give q(g).
5
Suppose -l = -q - 2, 2*l - q + 12 = 3*l. Let z(t) = 2*t + 2. Let j(p) = 3*p + 3. Let n(m) = l*z(m) - 4*j(m). Let s = 10900 - 10896. Give n(s).
10
Let n(j) = -3*j**3 + 0*j**2 + 4*j - 2*j**2 - 3065127 - 3*j**3 + 3065131 - 2*j. Give n(-1).
6
Suppose -x + 2*q = -3 - 14, -2*q = -2*x + 42. Suppose 11*j = 40 - 81 + 41. Suppose -5*b + j*b = -x. Let y(o) = o + 6. What is y(b)?
11
Let k be 26/(-65) + (-357)/(-5). Let m(l) = 18*l + 37*l - 1 - k*l. Give m(1).
-17
Let f(t) = t**3 + 6*t**2 + t - 11. Let z = -2758 + 2753. What is f(z)?
9
Let g be (-4)/(-21) - 3476/18249. Let a(r) = 16*r + 12. What is a(g)?
12
Suppose -j - u - 5 = 0, -4*j + 4*u = -19 - 25. Let f(x) = x**3 - 3*x**2 - x + 